f d and 21?
21
Suppose 0 = 4*s - 79 - 1. Let k be (126 + -113)/((-117)/(-45)). What is the greatest common divisor of s and k?
5
Suppose 25*z = 27*z - 144. Let x be (-8)/(-18) - 7/((-126)/1936). What is the highest common factor of x and z?
36
Suppose 0 = -2*f - 35*f + 8*f + 551. What is the greatest common divisor of f and 6?
1
Suppose 44 + 136 = 3*k. Let j(b) = -b**3 - 5*b**2 - b + 7. Let r = -17 - -12. Let g be j(r). Calculate the greatest common factor of g and k.
12
Let u(m) = -m**2 - 35*m - 136. Let d be u(-5). What is the highest common divisor of 32256 and d?
14
Let n be (112/(-20))/(4/(-10)). Let w be (-3685)/(-35) + (-4)/n. Let c = -58338 + 58345. Calculate the greatest common divisor of c and w.
7
Let n = -1036 + 910. Let a be 762/16 - n/336. What is the greatest common factor of a and 6?
6
Suppose 4*x + 28 = 0, -263*x + 258*x + 69 = 2*i. What is the greatest common divisor of 3367 and i?
13
Let p(j) = -690*j + 2646. Let d be p(-26). What is the highest common divisor of d and 846?
282
Let h be -8*1*(-3 + 2). Suppose -h*c = -5*c - 297. Let w be 72/4*(-5)/(-10). Calculate the highest common divisor of c and w.
9
Let q = 32 + -20. Suppose -28*o = 31*o - 22*o - 3552. What is the highest common divisor of o and q?
12
Let s(p) = p - 1. Let a(l) = -4*l - 148. Let r(n) = a(n) + 12*s(n). Let t be r(22). What is the highest common divisor of t and 272?
16
Suppose 0 = 2*n + 10, -5*z - n = -3*n - 1290. Let g = -979 + 293. Let x be g/(-21) - 3/((-9)/(-2)). Calculate the highest common factor of z and x.
32
Let i = 383 + -644. Let a = i - -369. What is the highest common divisor of 54 and a?
54
Suppose -3*s + 3*r = -2*s - 172, r + 344 = 2*s. Calculate the highest common factor of s and 6364.
172
Let q = -174 - -1902. Calculate the highest common factor of q and 960.
192
Let s(j) = j**2 - 75*j + 1220. Let b be s(59). What is the highest common divisor of b and 108?
12
Let c be 96/64 - 4047/(-38). Calculate the highest common divisor of 27756 and c.
108
Let w be 2 + (-3)/((-6)/1324). Let s be 6*17944/1296 + 36/(-486). Calculate the highest common factor of w and s.
83
Let o = -60 - -58. Let k = o - 11. Let f be (-18)/(-117) + (-63)/k. What is the greatest common divisor of f and 4?
1
Let r(d) = 13*d - 180. Let m be r(16). What is the highest common factor of 518 and m?
14
Suppose 665 = 2*q - 5*g, q = 3*g + 167 + 167. What is the greatest common divisor of q and 7085?
65
Suppose 37*m = -75*m + 224. What is the highest common divisor of m and 41?
1
Suppose 28 = 3*i + 49. Let z be i/(28/(-12)) - -17. What is the greatest common factor of 260 and z?
20
Let p = -568 + 557. Let h(l) = -l**3 - 11*l**2 + l + 44. Let a be h(p). Let u be 2/(-5) + (-114)/(-10). What is the greatest common divisor of u and a?
11
Suppose 313*b = -307*b + 200*b + 840. What is the greatest common divisor of b and 1646?
2
Let g be ((-26)/3)/(8/(-252)). Let s = 34939 - 34783. Calculate the greatest common divisor of s and g.
39
Let s = 3612 + -3107. Calculate the greatest common divisor of 1717 and s.
101
Suppose -5*j + 3*j = 21*j - 1702. Calculate the highest common divisor of 2 and j.
2
Let d(q) = 2*q**3 - 33*q**2 + 13*q - 40. Let f be d(16). Let k = f + 106. What is the highest common divisor of k and 30?
6
Let k = 49 + -50. Let x be 39/(k + 3 - (-146)/(-76)). What is the highest common factor of 38 and x?
38
Suppose -4670*i + 4660*i = -35550. What is the greatest common factor of i and 180?
45
Let h = 55 - 51. Suppose -3*p - h*g = -25, 2*p - 6*g = -g + 9. Suppose -132 = 7*s - 475. What is the greatest common factor of s and p?
7
Suppose -4*o - d + 69 = 0, 0 = 198*o - 194*o - 4*d - 64. Calculate the greatest common divisor of 2 and o.
1
Let z be 3/(-4)*(-11 + 49/7). Suppose 0 = -z*c + 227 - 83. What is the highest common divisor of c and 18?
6
Let u(b) = -891*b + 2777. Let n be u(3). What is the highest common divisor of 572 and n?
52
Let i be (36/(1 - -2))/(8/24). What is the greatest common factor of i and 1854?
18
Suppose -5*h - 3*h + 27568 = 0. Let d be (-8)/(-60) - h/(-30). What is the greatest common divisor of d and 23?
23
Suppose 2*i = -474 + 448. Let w be (-2)/6*(-41 + i). Calculate the highest common divisor of 486 and w.
18
Let z(j) = j**2 - 18*j - 382. Let g be z(41). Calculate the greatest common divisor of g and 102.
51
Let c(o) = o**3 + 11*o**2 + 9*o - 28. Let k be c(-11). Let r = -103 - k. Let d = 4 - -56. Calculate the greatest common divisor of r and d.
12
Let u = 7 - 6. Suppose u = 2*v - 7. Calculate the highest common factor of v and 6.
2
Suppose 13*v - 5*v = 24. Suppose 0 = -2*c - v*c + 140. Suppose -2*l = -i - 5*l + c, -4*l + 20 = 0. What is the highest common divisor of 169 and i?
13
Let g = -39 + 59. Suppose -19*u + 370 = j - g*u, 1114 = 3*j + u. What is the highest common factor of 106 and j?
53
Let q be (-283)/(-1981) - (-670)/14. Calculate the highest common divisor of q and 3752.
8
Suppose 81*q = 11622 + 11058. What is the highest common factor of q and 315?
35
Let a(c) = -c**2 + 42*c - 237. Let y be a(13). Calculate the greatest common factor of y and 6748.
28
Suppose j - 1481 = -4*a, 4*a = -0*a - 3*j + 1483. Suppose -c = -110 - a. What is the highest common factor of 30 and c?
30
Let h = -1528 - -3400. Suppose 9*n - 3*n - h = 0. Suppose -3*l = 5*l - n. What is the highest common divisor of 351 and l?
39
Let r(n) = -n**3 + 5*n**2 + 26*n + 131. Let y be r(8). What is the highest common divisor of y and 1715?
49
Let l be 7/5 + -1 + 4914/15. Suppose -497 = -2*q - 5*t, -q = 3*t - l + 82. Suppose -4*k - 2*k + 174 = 0. What is the greatest common divisor of k and q?
29
Let j be (-5046)/(-42) + -4 + 2/(-14). Let y be j + -7 + (3 - 4). What is the greatest common factor of 162 and y?
54
Let z(j) = 42*j - 28. Let f(q) = 85*q - 57. Let b(g) = -4*f(g) + 9*z(g). Let s be b(4). Calculate the greatest common factor of 16 and s.
16
Let q = 9 - 4. Let z(d) = 15523 + 10*d - 31077 + 15532. Let o be z(q). What is the greatest common divisor of 70 and o?
14
Let g be (-18 + 15)/(3/(-70)). Calculate the highest common factor of g and 2870.
70
Let k = 2029 + -1392. What is the greatest common divisor of k and 195?
13
Suppose -35*n + 10 = -37*n, 5*p - 3*n - 110 = 0. Suppose 5*d + 105 = 2*t - 6*t, -72 = 2*t - 4*d. Let b = p - t. Calculate the highest common divisor of b and 7.
7
Suppose -3*t + 23 = -109. Suppose 6*l - t = 28. What is the greatest common factor of 9 and l?
3
Suppose 1256 = 45*q - 43*q. Suppose -5*h + 95*i + q = 97*i, -616 = -5*h + i. What is the highest common factor of h and 8?
4
Suppose 6692*j - 3780 = 6677*j. Calculate the highest common divisor of 114 and j.
6
Suppose 300*u - 298*u = 1614. What is the highest common divisor of u and 21?
3
Let a(i) = i**3 - 16*i**2 + 15*i + 16. Let l be a(15). Let w be (3 + -1 - -80) + -2. Suppose -4*c = c - w. Calculate the highest common divisor of l and c.
16
Suppose 4*d + 11900 = 4*g + 2*d, -10 = 5*d. Let i = g - 1224. Suppose -9*c + i = c. Calculate the highest common divisor of c and 25.
25
Suppose 2941*p - 5776 = 2922*p. Calculate the highest common divisor of p and 19.
19
Let f = 110 + -96. Let y(d) = 126*d. Let b(o) = -o**2 - 5*o - 3. Let p be b(-4). Let g be y(p). What is the greatest common divisor of g and f?
14
Let p(g) = g**3 + 14*g**2 + 7*g + 11. Let i be 7/((-7)/8) - 1. Let j be i - (5 + -2 + -1). Let z be p(j). What is the highest common divisor of z and 27?
27
Let u = -25435 + 26099. Calculate the highest common divisor of u and 3818.
166
Let v(j) = -j**3 + j**2 + 7*j + 50. Let i be 0/((-2)/6*3). Let z be v(i). Calculate the highest common factor of z and 400.
50
Suppose -559 = 4*d - 5*w, 4*w + w = -3*d - 428. Let t = d + 341. Suppose 3*h + 84 = 4*v - 1, 0 = -3*h + 15. What is the highest common factor of v and t?
25
Let j(c) = 19*c**2 + 7*c. Let p be j(-5). Suppose -25 = -2*x - 3*x, x = -5*o + p. What is the greatest common factor of 203 and o?
29
Let f(p) = p**3 + 8*p**2 + 2*p + 6. Let i be 2 + (-2*1 - 6). Let u be f(i). Let v = -197065 + 197230. What is the highest common divisor of v and u?
33
Suppose 0 = -8*h - 3*h + 1518. Suppose 23*t - 18*t = 30. What is the greatest common factor of h and t?
6
Let o = 10342 + -10309. What is the greatest common divisor of o and 451?
11
Let j(t) = t**2 - 111*